se 10
0
What is 1 (base 12) in base 2?
1
What is 2001 (base 3) in base 8?
67
-24 (base 11) to base 3
-222
Convert 20 (base 3) to base 10.
6
What is 3 (base 9) in base 12?
3
What is -7 (base 15) in base 9?
-7
121 (base 5) to base 6
100
4 (base 6) to base 7
4
What is 30 (base 12) in base 9?
40
321 (base 5) to base 4
1112
What is -12202 (base 3) in base 11?
-131
What is -20 (base 4) in base 12?
-8
-3 (base 9) to base 13
-3
Convert -6 (base 8) to base 7.
-6
What is 6 (base 13) in base 4?
12
Convert -170 (base 8) to base 9.
-143
What is 1a (base 14) in base 16?
18
Convert -74 (base 13) to base 16.
-5f
Convert -1 (base 8) to base 4.
-1
What is -31 (base 5) in base 9?
-17
What is 110 (base 3) in base 13?
c
-3 (base 12) to base 6
-3
Convert 1010 (base 2) to base 4.
22
What is -1 (base 15) in base 6?
-1
What is -166 (base 7) in base 2?
-1100001
Convert 0 (base 5) to base 12.
0
Convert -8 (base 12) to base 15.
-8
-44 (base 8) to base 15
-26
Convert 59 (base 14) to base 10.
79
64 (base 10) to base 8
100
Convert -3 (base 10) to base 6.
-3
What is 0 (base 15) in base 2?
0
Convert -1 (base 16) to base 5.
-1
-44 (base 14) to base 11
-55
0 (base 10) to base 13
0
Convert 1 (base 12) to base 13.
1
Convert 1d (base 14) to base 6.
43
Convert -6 (base 9) to base 12.
-6
What is -131 (base 5) in base 12?
-35
Convert 6 (base 8) to base 7.
6
Convert -11 (base 8) to base 14.
-9
What is 98 (base 16) in base 3?
12122
Convert 0 (base 3) to base 4.
0
What is -24 (base 7) in base 13?
-15
Convert 41 (base 15) to base 8.
75
Convert -3 (base 11) to base 12.
-3
What is 27 (base 10) in base 2?
11011
12 (base 16) to base 14
14
Convert 12 (base 10) to base 8.
14
What is -10 (base 5) in base 12?
-5
Convert 7 (base 11) to base 9.
7
What is -3 (base 12) in base 13?
-3
1 (base 6) to base 16
1
Convert -2 (base 4) to base 6.
-2
What is -68 (base 9) in base 3?
-2022
14a (base 11) to base 8
257
What is 14 (base 14) in base 13?
15
What is -120 (base 3) in base 16?
-f
Convert -125 (base 7) to base 2.
-1000100
What is -13 (base 5) in base 3?
-22
What is 4f (base 16) in base 7?
142
3 (base 6) to base 5
3
What is -312 (base 7) in base 12?
-110
What is 111001 (base 2) in base 13?
45
0 (base 2) to base 13
0
Convert 2 (base 14) to base 16.
2
6 (base 12) to base 8
6
140 (base 9) to base 12
99
-3 (base 13) to base 12
-3
Convert -5 (base 7) to base 6.
-5
What is 346 (base 9) in base 12?
1b9
What is 3d (base 16) in base 2?
111101
123 (base 4) to base 16
1b
-2 (base 3) to base 5
-2
What is -4 (base 7) in base 10?
-4
What is 0 (base 6) in base 11?
0
What is -2a (base 16) in base 7?
-60
What is 14 (base 8) in base 2?
1100
-12 (base 10) to base 16
-c
What is 37 (base 15) in base 2?
110100
Convert -10 (base 3) to base 9.
-3
Convert 311 (base 5) to base 16.
51
What is 23 (base 11) in base 4?
121
Convert 50 (base 6) to base 3.
1010
8c (base 14) to base 16
7c
-20212 (base 3) to base 9
-225
What is 3 (base 14) in base 6?
3
What is 2032 (base 4) in base 16?
8e
What is -11 (base 4) in base 13?
-5
-4 (base 16) to base 7
-4
124 (base 6) to base 16
34
What is -13 (base 6) in base 12?
-9
-51 (base 13) to base 6
-150
Convert -3 (base 12) to base 13.
-3
Convert 21 (base 10) to base 12.
19
What is 272 (base 9) in base 2?
11100011
130 (base 5) to base 11
37
-2 (base 4) to base 9
-2
-1 (base 10) to base 5
-1
What is 7 (base 14) in base 10?
7
1 (base 7) to base 16
1
0 (base 7) to base 13
0
Convert -34 (base 10) to base 5.
-114
Convert 2 (base 7) to base 9.
2
-12 (base 4) to base 16
-6
-100 (base 2) to base 14
-4
-1110 (base 2) to base 16
-e
Convert -1b (base 16) to base 2.
-11011
What is 324 (base 5) in base 4?
1121
-2 (base 3) to base 6
-2
16 (base 9) to base 15
10
-6 (base 11) to base 12
-6
What is -3 (base 5) in base 8?
-3
-1120 (base 3) to base 16
-2a
-1 (base 5) to base 11
-1
Convert 2a (base 16) to base 11.
39
10 (base 4) to base 14
4
Convert -23 (base 5) to base 4.
-31
2 (base 15) to base 7
2
What is 5 (base 16) in base 11?
5
-13 (base 11) to base 4
-32
Convert -3 (base 5) to base 13.
-3
-46 (base 8) to base 12
-32
What is -13 (base 9) in base 5?
-22
52 (base 6) to base 4
200
Convert -41 (base 14) to base 3.
-2010
Convert 18b (base 12) to base 14.
13d
What is -11 (base 2) in base 3?
-10
What is -2 (base 5) in base 16?
-2
43 (base 14) to base 10
59
What is -5 (base 8) in base 3?
-12
2 (base 6) to base 12
2
What is -101010 (base 2) in base 11?
-39
6 (base 7) to base 10
6
-c1 (base 15) to base 10
-181
24 (base 11) to base 14
1c
What is 6 (base 11) in base 12?
6
Convert -47 (base 8) to base 12.
-33
What is -1 (base 16) in base 13?
-1
What is -201 (base 6) in base 11?
-67
What is -4 (base 8) in base 2?
-100
3 (base 9) to base 10
3
1b (base 12) to base 4
113
What is 30 (base 16) in base 10?
48
What is -105 (base 10) in base 11?
-96
Convert 3a (base 15) to base 8.
67
0 (base 4) to base 2
0
0 (base 7) to base 14
0
122 (base 3) to base 4
101
-8 (base 13) to base 2
-1000
What is 0 (base 12) in base 9?
0
-1a (base 12) to base 10
-22
Convert -1 (base 14) to base 16.
-1
What is 26 (base 7) in base 3?
202
Convert 7 (base 11) to base 13.
7
What is 3 (base 14) in base 3?
10
-3 (base 10) to base 4
-3
-1110 (base 2) to base 15
-e
-8 (base 12) to base 6
-12
Convert 5 (base 7) to base 11.
5
What is 0 (base 3) in base 2?
0
4 (base 9) to base 13
4
What is -18 (base 15) in base 12?
-1b
Convert -2 (base 7) to base 15.
-2
What is -111 (base 2) in base 5?
-12
What is -505 (base 6) in base 15?
-c5
-10 (base 8) to base 5
-13
Convert 175 (base 8) to base 4.
1331
What is -240 (base 6) in base 2?
-1100000
What is 111 (base 2) in base 9?
7
Convert 363 (base 8) to base 2.
11110011
2 (base 10) to base 7
2
Convert -15 (base 10) to base 13.
-12
Convert -a (base 15) to base 7.
-13
Convert -4 (base 15) to base 13.
-4
Convert 0 (base 5) to base 9.
0
What is -18 (base 15) in base 3?
-212
Convert 3 (base 4) to base 7.
3
What is 10000 (base 2) in base 16?
10
What is -47 (base 9) in base 14?
-31
What is -20 (base 3) in base 2?
-110
What is -5 (base 6) in base 15?
-5
Convert 3013 (base 4) to base 3.
21101
Convert 13 (base 4) to base 7.
10
Convert 5 (base 15) to base 8.
5
What is -13 (base 15) in base 9?
-20
Convert 210 (base 4) to base 3.
1100
What is -12 (base 6) in base 4?
-20
What is -1 (base 2) in base 6?
-1
1 (base 14) to base 2
1
-2 (base 8) to base 3
-2
What is 3 (base 8) in base 5?
3
What is -3 (base 15) in base 6?
-3
Convert 341 (base 6) to base 4.
2011
Convert -4 (base 6) to base 4.
-10
Convert 1000010 (base 2) to base 13.
51
-b9 (base 16) to base 13
-113
What is 100011101 (base 2) in base 11?
23a
2 (base 4) to base 13
2
Convert 24 (base 13) to base 2.
11110
-3 (base 9) to base 5
-3
-1 (base 7) to base 5
-1
Convert -7 (base 14) to base 5.
-12
12 (base 7) to base 10
9
Convert -4 (base 9) to base 3.
-11
12 (base 7) to base 11
9
Convert -35 (base 14) to base 2.
-101111
What is -26 (base 12) in base 16?
-1e
What is 23 (base 5) in base 12?
11
-15 (base 10) to base 13
-12
What is -1 (base 12) in base 5?
-1
What is 410 (base 6) in base 14?
aa
37 (base 8) to base 5
111
-16 (base 11) to base 8
-21
-4 (base 15) to base 3
-11
What is -42 (base 14) in base 7?
-112
Convert 39 (base 12) to base 4.
231
What is -11 (base 11) in base 16?
-c
-10 (base 4) to base 16
-4
What is -51 (base 6) in base 5?
-111
What is -6 (base 11) in base 13?
-6
b (base 15) to base 12
b
1 (base 8) to base 12
1
What is 22 (base 12) in base 10?
26
Convert -5 (base 14) to base 11.
-5
3 (base 15) to base 14
3
Convert 1 (base 13) to base 11.
1
Convert 67 (base 8) to base 7.
106
What is 19 (base 15) in base 11?
22
-1212 (base 5) to base 4
-2312
Convert 10001 (base 2) to base 13.
14
Convert 111 (base 2) to base 4.
13
Convert -14 (base 10) to base 16.
-e
What is -1 (base 6) in base 12?
-1
Convert 146 (base 8) to base 16.
66
What is 1010 (base 2) in base 8?
12
What is -10 (base 3) in base 15?
-3
What is 161 (base 9) in base 6?
344
What is 43 (base 16) in base 8?
103
Convert 10 (base 10) to base 5.
20
What is -351 (base 8) in base 15?
-108
-37 (base 11) to base 15
-2a
11021 (base 3) to base 10
115
What is 2 (base 8) in base 15?
2
Convert 4 (base 12) to base 13.
4
What is 5 (base 14) in base 2?
101
Convert -316 (base 7) to base 8.
-240
Convert -13 (base 16) to base 8.
-23
-20211 (base 3) to ba